2*h - 9529. List the prime factors of h.
9511
Let j(r) = -r**2 + r + 61. Suppose 0 = -4*s + s. What are the prime factors of j(s)?
61
Suppose 0 = 5*i - 1767 - 13553. Suppose 0 = 17*m - 999 - i. List the prime factors of m.
239
Let o(q) = -40*q - 355. Let u be 0 - 18 - (2 + -2 + -2). What are the prime factors of o(u)?
3, 5, 19
Let v(y) = 30997*y**3 - 48*y + 47. List the prime factors of v(1).
2, 3, 7, 41
Let o be 300/(5 + -10) + 5. Let f be 13130/22 + (-120)/o + -2. Let l = f + -337. List the prime factors of l.
2, 5, 13
Let l = -192 + 307. Suppose -7*w + 116 = -l. List the prime factors of ((-1)/(-2))/((w/(-222))/(-11)).
37
Suppose 0 = -3*m + 3*z + 9675, 5*m + 254*z - 250*z = 16071. List the prime factors of m.
3, 29, 37
Let x be 5 - (34/272 - (-30)/16). Suppose 6523 = 5*q + x*d, 4*q + 2626 = 6*q - 3*d. List the prime factors of q.
1307
Let w(n) = 10*n**2 + 67*n - 6283. What are the prime factors of w(56)?
127, 227
Let d = 75 - 49. What are the prime factors of (-334)/(-6) + d/78?
2, 7
Let g(q) = -1252*q - 18. Let h be g(-3). Suppose -39*z = -45*z + h. What are the prime factors of z?
7, 89
Let z = 277 - 272. Let r = 4426 - 3140. Suppose 231 = -z*o + r. What are the prime factors of o?
211
Let h(a) = -2*a**3 - 44*a**2 + 498*a + 11. List the prime factors of h(-41).
29, 1499
Suppose 28*y - 3*a - 68163 = 26*y, 0 = 5*y + 5*a - 170495. What are the prime factors of y?
2, 3, 947
Let j(b) = 3*b**3 + 14*b**2 - 144*b + 60. What are the prime factors of j(20)?
2, 5, 13, 103
Let u = 5057 - 4740. What are the prime factors of u?
317
Suppose -4*s + 19*q + 21 = 22*q, s = -3*q + 12. Let a(k) = 36*k**3 - 2*k**2 + k + 11. List the prime factors of a(s).
2, 11
Let w = 475 - 820. Suppose -1311 = -4*a + 669. Let h = a + w. What are the prime factors of h?
2, 3, 5
List the prime factors of (-3 - -2*8/6)*1470/(-2).
5, 7
Suppose -5*s = 6*s - 99. List the prime factors of 413*1 - (-4 + s + -3).
3, 137
Let t(i) = -13*i - 56. Let h(g) = 207*g + 897. Let k(z) = -2*h(z) - 33*t(z). List the prime factors of k(18).
2, 3
List the prime factors of 11315 + 116/(-30) + (-78)/585.
11311
Suppose -3*w - t = -209507, -5*w + 5*t = -168091 - 181054. List the prime factors of w.
2, 3, 103, 113
Suppose 0 = -3*x + 192 + 102. Suppose 2*y = -5*t - 61, -6*y = -3*y + t + x. Let l = y + 87. List the prime factors of l.
2, 3
Let g = 854 - 1403. List the prime factors of 23992/18 + (-61)/g.
31, 43
Suppose 2*m - 89 = -t, -4*t + 6*m - 5*m = -401. Suppose t = -31*c + 502. List the prime factors of c.
13
Let x be -2 - (-27)/12 - (-189)/12. Suppose 0 = 4*n - x, 3*z - 478 = z - 3*n. What are the prime factors of z?
233
Let v = -8013 + 43253. What are the prime factors of v?
2, 5, 881
Suppose -42*v - 1914677 = -241*v - 656599. List the prime factors of v.
2, 29, 109
Suppose 402 = m - 2*y, y - 6 + 3 = 0. Suppose 61*p = 62*p - m. List the prime factors of p.
2, 3, 17
Let s = -85 + 87. Suppose -n - 6 = 5*r, -s*n + 3*r + 2*r + 18 = 0. Suppose n*g - 2 = 10. What are the prime factors of g?
3
Let d(u) be the first derivative of u**3/3 - 7*u**2 - 5*u - 154. Let t be 0/2 + 7*-1. List the prime factors of d(t).
2, 71
Suppose -2*h + 7*h = -4*z + 109, 82 = 4*h - 2*z. Suppose 0 = -0*m - 3*m - h. Let u(f) = -f**2 - 15*f + 4. What are the prime factors of u(m)?
2, 3, 5
Suppose -52 = -7*a + 74. List the prime factors of (-36)/(-15)*(34080/a)/8.
2, 71
Let u = -142 + 145. Let o be (-2)/5 - (-5077)/5 - u. Suppose 3*y - 2*q + 410 - o = 0, 0 = 2*y - 4*q - 412. List the prime factors of y.
2, 3, 11
Let y = -20336 + 45332. List the prime factors of y.
2, 3, 2083
Let v(a) = -a**3 + 4*a**2 - 2*a - 1. Let x be v(2). Let r = -64 - -73. Suppose 516 = r*u - x*u. List the prime factors of u.
2, 43
Suppose 26*q + 3*l = 27*q - 15258, q - 5*l - 15246 = 0. What are the prime factors of q?
2, 3, 19, 67
Suppose 15*b - 113 = 22. Suppose 2663 = b*r - 3808. What are the prime factors of r?
719
Suppose 10*p + 726 - 146 = 0. Let r = 78 + p. Suppose 5*k - 5 = r. What are the prime factors of k?
5
List the prime factors of (-373680)/(-16) - (125/(-20) - (-6)/24).
3, 13, 599
Suppose 0 = 35*p - 26*p. Suppose p = 20*o - 11*o - 3672. What are the prime factors of o?
2, 3, 17
Suppose 0 = -5*r + 4*w + 25, 3*w = -5*r - w + 25. Suppose -2*a - 2*a + 5*j = -1294, 2*a + r*j = 632. Suppose -7*t + a = -169. What are the prime factors of t?
2, 5, 7
Suppose 0 = -4*x + 7*j - 11*j + 35500, 3*x = 4*j + 26625. List the prime factors of x.
5, 71
Let s = -4 - -9. Suppose 3*w + 14 = 2, 2*w = -5*f + 792. Suppose -s*y - 4*d = -803, -d + f = 2*y - 160. List the prime factors of y.
3, 53
Let m(u) = -5*u + 22. Let f be m(-6). Suppose -108 = -8*a + f. What are the prime factors of (-4852)/60*-3 + 8/a?
3
Suppose 4*s + 66 = 5*s + 3*z, 4*s = -5*z + 264. Let k be s + -3 + 3/(-3). Suppose -3*l - k = 3*b - 200, -4*l + 192 = 2*b. List the prime factors of l.
2, 5
Let c(f) = 351*f**2 + 27*f + 209. What are the prime factors of c(9)?
17, 1699
Suppose 0 = 66*p - 771837 - 72963. What are the prime factors of p?
2, 5
Let t = -10041 + 17441. List the prime factors of t.
2, 5, 37
Let y(n) = -n - 7. Let j be y(-9). Suppose -5*o - 2*k - 7 = -4*o, 0 = -j*o - 3*k - 9. What are the prime factors of (1/(o/(-6)))/((-7)/119)?
2, 17
List the prime factors of 6674 - ((-88)/(-2))/(-11).
2, 3, 7, 53
Let i be ((-3)/(-4))/((-2)/(-2 - 22)). Suppose -2784 = -25*p + i*p. List the prime factors of p.
2, 3, 29
Let b be (-23*(-9)/15)/(11/495). Let x = b - 83. List the prime factors of x.
2, 269
Suppose -9*g + 8*g + 3 = 0. Let q be 1 - (0 - 2)*g. Let v(i) = 2*i - 12. What are the prime factors of v(q)?
2
Suppose -12 = 1442*u - 1446*u. Suppose -u*w - 1731 = -g, 2*g + w + 1359 = 4800. What are the prime factors of g?
2, 3, 7, 41
Let c(o) = -9*o - 23. Let t be c(-3). Suppose -x = -t*x - 31542. List the prime factors of 6/14 + x/(-49).
5, 43
Suppose 5*b = -0*c - c + 11, 2*c = 3*b + 9. Let h be (-27)/(-36) + 100/16. What are the prime factors of ((-351)/c)/(h/(112/(-12)))?
2, 3, 13
Suppose 5*g = 2*g + 12. Suppose 3*p + 124 = g*p. Let f = -13 + p. What are the prime factors of f?
3, 37
What are the prime factors of (-6)/7 - 3723088/(-2317)?
2, 11, 73
Let y(r) = -r**2 + 35*r - 235. Let a be y(23). Let q = a - -319. What are the prime factors of q?
2, 3, 5
Let d = -121 + 132. Suppose -7*m - 16 = -d*m. Suppose 0*u - 4*u + m*o = -188, -2*o + 41 = u. What are the prime factors of u?
3, 5
Let z = 685 + -484. Suppose -z = 11*k - 872. List the prime factors of k.
61
Suppose 5*k = -5, 2*s = -4*k + 9*k + 145. Let n = -410 + s. What are the prime factors of (34/(-8))/(2 - (-685)/n)?
17
Suppose 0 = -5*b + 2*i + 2, -5*i - 5 = 3*b. Let y = 2079 + -1119. Suppose y = 5*m + 5*w, b*w - w = -m + 184. List the prime factors of m.
2, 47
Suppose 4*l - 15978 = 4*s - 149986, 5*s - 167528 = 2*l. What are the prime factors of s?
2, 8377
List the prime factors of (187642/(-65))/((1/(-15))/((-12)/(-36))).
2, 7, 1031
Let z = 5 - 7. List the prime factors of z/6*-3 - -341.
2, 3, 19
Suppose 0 = o - 4*o + 12. Suppose 3*k + 6 + 9 = 0, 4*h - 40 = o*k. Suppose -2*u - 2 + 12 = 0, -h*u - 111 = -2*z. What are the prime factors of z?
2, 17
What are the prime factors of 4/(-26) - (-23)/(1794/(-669564))*-1?
2, 29, 37
Suppose 3*u + 13555 = 4*z - 1089, 0 = 2*z - 4*u - 7312. Suppose z = 4*o + 320. List the prime factors of o.
2, 11, 19
What are the prime factors of ((-952)/(-28))/(6/(-15) - 1472/(-3580))?
17, 179
Let v be (9/(-5))/(8 - (-363)/(-45)). Let u(r) = 2*r**3 - 53*r**2 - 25*r - 57. Let h be u(v). List the prime factors of (-6 - -3)/(1/(287/h)).
7, 41
What are the prime factors of 6986 + (13 - 21) - (0 - 4)?
2, 3491
Suppose 0 = -4*q - 8, -3*x + 5*q = 4*q - 1838. Suppose 7*u + x = 2131. What are the prime factors of u?
7, 31
What are the prime factors of (-16 - 29666/(-56))/(6/64)?
2, 5, 137
Let b = -7210 + 11915. What are the prime factors of b?
5, 941
Suppose m - 20 = -3*z, 12*m - 66 = 8*m - 5*z. Suppose m*s = 8*s + 3060. List the prime factors of s.
2, 3, 5, 17
Let w(q) = q**2 + 33*q - 21. Let g be w(-24). Let n = 358 + g. List the prime factors of n.
11
Let x(p) = 245*p - 23. Let f be x(-4). Let k = f - -1444. What are the prime factors of k?
3, 7
Let x = -58 + 75. Suppose 19*s = x*s + 1490. What are the prime factors of s?
5, 149
Su